{"id":6916,"date":"2023-10-18T15:16:52","date_gmt":"2023-10-18T15:16:52","guid":{"rendered":"https:\/\/yspertal.netzspinnerei.at\/?page_id=6916"},"modified":"2024-02-27T11:31:06","modified_gmt":"2024-02-27T11:31:06","slug":"pflege-lehre","status":"publish","type":"page","link":"https:\/\/pflegezentrum-yspertal.at\/wordpress\/pflege-lehre","title":{"rendered":"Pflegelehre"},"content":{"rendered":"\n<p><strong>Ein Ziel, eine Leidenschaft \u2013 Pflegelehre! <\/strong><\/p>\n\n\n<div class=\"gb-container gb-container-afd789c1\">\n\n<p>Das Pflegezentrum Yspertal ist seit 31.10.2023 Lehrbetrieb f\u00fcr die Ausbildungen Pflegefachassistenz und Pflegeassistenz. Die theoretische Ausbildung erfolgt in der N\u00d6 Landesberufschule in St. P\u00f6lten. Eine Kooperation mit ausgew\u00e4hlten Ausbildungsverbundpartnern sichert die hochqualifizierte Ausbildung in unserem Haus.<br>Wir bieten zus\u00e4tzliche Benefits f\u00fcr die Dauer der Ausbildung in Form eines pers\u00f6nlichen Notebooks samt Mobiltelefon, kostenlose Verpflegung im Haus, reichhaltige Angebote zur Gesundheitsf\u00f6rderung sowie kostenlose Teilnahme an Fortbildungen und Coachings f\u00fcr die Pers\u00f6nlichkeitsentwicklung. Gute schulische Leistungen belohnen wir mit Pr\u00e4mien.<\/p>\n\n<\/div>\n\n<div class=\"gb-container gb-container-a656b64a\">\n<div class=\"wpv-view-output\" data-toolset-views-view-editor=\"4260c4896ec5d1238d1bedb14f160cca\"><div class=\"wp-block-toolset-views-view-editor\"><div id=\"wpv-view-layout-7166\" class=\"js-wpv-view-layout js-wpv-layout-responsive js-wpv-view-layout-7166\" data-viewnumber=\"7166\" data-pagination=\"{&quot;id&quot;:&quot;7166&quot;,&quot;query&quot;:&quot;normal&quot;,&quot;type&quot;:&quot;disabled&quot;,&quot;effect&quot;:&quot;fade&quot;,&quot;duration&quot;:500,&quot;speed&quot;:5,&quot;pause_on_hover&quot;:&quot;enabled&quot;,&quot;stop_rollover&quot;:&quot;false&quot;,&quot;cache_pages&quot;:&quot;enabled&quot;,&quot;preload_images&quot;:&quot;enabled&quot;,&quot;preload_pages&quot;:&quot;enabled&quot;,&quot;preload_reach&quot;:1,&quot;spinner&quot;:&quot;builtin&quot;,&quot;spinner_image&quot;:&quot;https:\/\/pflegezentrum-yspertal.at\/wordpress\/wp-content\/plugins\/toolset-blocks\/embedded\/res\/img\/ajax-loader.gif&quot;,&quot;callback_next&quot;:&quot;&quot;,&quot;manage_history&quot;:&quot;enabled&quot;,&quot;has_controls_in_form&quot;:&quot;disabled&quot;,&quot;infinite_tolerance&quot;:&quot;0&quot;,&quot;max_pages&quot;:0,&quot;page&quot;:1,&quot;base_permalink&quot;:&quot;\/wordpress\/wp-json\/wp\/v2\/pages\/6916?wpv_view_count=7166&amp;wpv_paged=WPV_PAGE_NUM&quot;,&quot;loop&quot;:{&quot;type&quot;:&quot;&quot;,&quot;name&quot;:&quot;&quot;,&quot;data&quot;:[],&quot;id&quot;:0}}\" data-permalink=\"\/wordpress\/wp-json\/wp\/v2\/pages\/6916?wpv_view_count=7166\">\nNo items found<\/div><\/div><form autocomplete=\"off\" name=\"wpv-filter-7166\" action=\"\/wordpress\/wp-json\/wp\/v2\/pages\/6916?wpv_view_count=7166\" method=\"get\" class=\"wpv-filter-form js-wpv-filter-form js-wpv-filter-form-7166 js-wpv-form-full\" data-viewnumber=\"7166\" data-viewid=\"7166\" data-viewhash=\"eyJuYW1lIjoiam9icy10YWJsZS1jb3B5LTE2OTgyMTgxMTYifQ==\" data-viewwidgetid=\"0\" data-orderby=\"\" data-order=\"\" data-orderbyas=\"\" data-orderbysecond=\"\" data-ordersecond=\"\" data-parametric=\"{&quot;query&quot;:&quot;normal&quot;,&quot;id&quot;:&quot;7166&quot;,&quot;view_id&quot;:&quot;7166&quot;,&quot;widget_id&quot;:0,&quot;view_hash&quot;:&quot;7166&quot;,&quot;action&quot;:&quot;\\\/wordpress\\\/wp-json\\\/wp\\\/v2\\\/pages\\\/6916?wpv_view_count=7166&quot;,&quot;sort&quot;:{&quot;orderby&quot;:&quot;&quot;,&quot;order&quot;:&quot;&quot;,&quot;orderby_as&quot;:&quot;&quot;,&quot;orderby_second&quot;:&quot;&quot;,&quot;order_second&quot;:&quot;&quot;},&quot;orderby&quot;:&quot;&quot;,&quot;order&quot;:&quot;&quot;,&quot;orderby_as&quot;:&quot;&quot;,&quot;orderby_second&quot;:&quot;&quot;,&quot;order_second&quot;:&quot;&quot;,&quot;ajax_form&quot;:&quot;&quot;,&quot;ajax_results&quot;:&quot;&quot;,&quot;effect&quot;:&quot;fade&quot;,&quot;prebefore&quot;:&quot;&quot;,&quot;before&quot;:&quot;&quot;,&quot;after&quot;:&quot;&quot;,&quot;attributes&quot;:[],&quot;environment&quot;:{&quot;current_post_id&quot;:6916,&quot;parent_post_id&quot;:6916,&quot;parent_term_id&quot;:0,&quot;parent_user_id&quot;:0,&quot;archive&quot;:{&quot;type&quot;:&quot;&quot;,&quot;name&quot;:&quot;&quot;,&quot;data&quot;:[]}},&quot;loop&quot;:{&quot;type&quot;:&quot;&quot;,&quot;name&quot;:&quot;&quot;,&quot;data&quot;:[],&quot;id&quot;:0}}\" data-attributes=\"[]\" data-environment=\"{&quot;current_post_id&quot;:6916,&quot;parent_post_id&quot;:6916,&quot;parent_term_id&quot;:0,&quot;parent_user_id&quot;:0,&quot;archive&quot;:{&quot;type&quot;:&quot;&quot;,&quot;name&quot;:&quot;&quot;,&quot;data&quot;:[]}}\"><input type=\"hidden\" class=\"js-wpv-dps-filter-data js-wpv-filter-data-for-this-form\" data-action=\"\/wordpress\/wp-json\/wp\/v2\/pages\/6916?wpv_view_count=7166\" data-page=\"1\" data-ajax=\"disable\" data-effect=\"fade\" data-maxpages=\"0\" data-ajaxprebefore=\"\" data-ajaxbefore=\"\" data-ajaxafter=\"\" \/><input class=\"wpv_view_count wpv_view_count-7166\" type=\"hidden\" name=\"wpv_view_count\" value=\"7166\" \/>\n\n<\/form><\/div>\n<\/div>","protected":false},"excerpt":{"rendered":"<p>Ein Ziel, eine Leidenschaft \u2013 Pflegelehre! Das Pflegezentrum Yspertal ist seit 31.10.2023 Lehrbetrieb f\u00fcr die Ausbildungen Pflegefachassistenz und Pflegeassistenz. Die theoretische Ausbildung erfolgt in der N\u00d6 Landesberufschule in St. P\u00f6lten. Eine Kooperation mit ausgew\u00e4hlten Ausbildungsverbundpartnern sichert die hochqualifizierte Ausbildung in unserem Haus.Wir bieten zus\u00e4tzliche Benefits f\u00fcr die Dauer der Ausbildung in Form eines pers\u00f6nlichen Notebooks &#8230; <a title=\"Pflegelehre\" class=\"read-more\" href=\"https:\/\/pflegezentrum-yspertal.at\/wordpress\/pflege-lehre\" aria-label=\"Mehr Informationen \u00fcber Pflegelehre\">Weiterlesen<\/a><\/p>\n","protected":false},"author":1,"featured_media":0,"parent":0,"menu_order":0,"comment_status":"closed","ping_status":"closed","template":"","meta":{"inline_featured_image":false,"footnotes":""},"class_list":["post-6916","page","type-page","status-publish"],"yoast_head":"<!-- This site is optimized with the Yoast SEO plugin v27.5 - https:\/\/yoast.com\/product\/yoast-seo-wordpress\/ -->\n<title>Pflegelehre - Pflegezentrum Yspertal<\/title>\n<meta name=\"robots\" content=\"index, follow, max-snippet:-1, max-image-preview:large, max-video-preview:-1\" \/>\n<link rel=\"canonical\" href=\"https:\/\/yspertal.netzspinnerei.at\/pflege-lehre\" \/>\n<meta property=\"og:locale\" content=\"de_DE\" \/>\n<meta property=\"og:type\" content=\"article\" \/>\n<meta property=\"og:title\" content=\"Pflegelehre - Pflegezentrum Yspertal\" \/>\n<meta property=\"og:description\" content=\"Ein Ziel, eine Leidenschaft \u2013 Pflegelehre! Das Pflegezentrum Yspertal ist seit 31.10.2023 Lehrbetrieb f\u00fcr die Ausbildungen Pflegefachassistenz und Pflegeassistenz. Die theoretische Ausbildung erfolgt in der N\u00d6 Landesberufschule in St. P\u00f6lten. Eine Kooperation mit ausgew\u00e4hlten Ausbildungsverbundpartnern sichert die hochqualifizierte Ausbildung in unserem Haus.Wir bieten zus\u00e4tzliche Benefits f\u00fcr die Dauer der Ausbildung in Form eines pers\u00f6nlichen Notebooks ... Weiterlesen\" \/>\n<meta property=\"og:url\" content=\"https:\/\/yspertal.netzspinnerei.at\/pflege-lehre\" \/>\n<meta property=\"og:site_name\" content=\"Pflegezentrum Yspertal\" \/>\n<meta property=\"article:modified_time\" content=\"2024-02-27T11:31:06+00:00\" \/>\n<meta name=\"twitter:card\" content=\"summary_large_image\" \/>\n<meta name=\"twitter:label1\" content=\"Gesch\u00e4tzte Lesezeit\" \/>\n\t<meta name=\"twitter:data1\" content=\"1\u00a0Minute\" \/>\n<script type=\"application\/ld+json\" class=\"yoast-schema-graph\">{\"@context\":\"https:\\\/\\\/schema.org\",\"@graph\":[{\"@type\":\"WebPage\",\"@id\":\"https:\\\/\\\/yspertal.netzspinnerei.at\\\/pflege-lehre\",\"url\":\"https:\\\/\\\/yspertal.netzspinnerei.at\\\/pflege-lehre\",\"name\":\"Pflegelehre - Pflegezentrum Yspertal\",\"isPartOf\":{\"@id\":\"https:\\\/\\\/yspertal.netzspinnerei.at\\\/#website\"},\"datePublished\":\"2023-10-18T15:16:52+00:00\",\"dateModified\":\"2024-02-27T11:31:06+00:00\",\"breadcrumb\":{\"@id\":\"https:\\\/\\\/yspertal.netzspinnerei.at\\\/pflege-lehre#breadcrumb\"},\"inLanguage\":\"de\",\"potentialAction\":[{\"@type\":\"ReadAction\",\"target\":[\"https:\\\/\\\/yspertal.netzspinnerei.at\\\/pflege-lehre\"]}]},{\"@type\":\"BreadcrumbList\",\"@id\":\"https:\\\/\\\/yspertal.netzspinnerei.at\\\/pflege-lehre#breadcrumb\",\"itemListElement\":[{\"@type\":\"ListItem\",\"position\":1,\"name\":\"Home\",\"item\":\"https:\\\/\\\/pflegezentrum-yspertal.at\\\/wordpress\\\/\"},{\"@type\":\"ListItem\",\"position\":2,\"name\":\"Pflegelehre\"}]},{\"@type\":\"WebSite\",\"@id\":\"https:\\\/\\\/yspertal.netzspinnerei.at\\\/#website\",\"url\":\"https:\\\/\\\/yspertal.netzspinnerei.at\\\/\",\"name\":\"Pflegezentrum Yspertal\",\"description\":\"\",\"publisher\":{\"@id\":\"https:\\\/\\\/yspertal.netzspinnerei.at\\\/#organization\"},\"potentialAction\":[{\"@type\":\"SearchAction\",\"target\":{\"@type\":\"EntryPoint\",\"urlTemplate\":\"https:\\\/\\\/yspertal.netzspinnerei.at\\\/?s={search_term_string}\"},\"query-input\":{\"@type\":\"PropertyValueSpecification\",\"valueRequired\":true,\"valueName\":\"search_term_string\"}}],\"inLanguage\":\"de\"},{\"@type\":\"Organization\",\"@id\":\"https:\\\/\\\/yspertal.netzspinnerei.at\\\/#organization\",\"name\":\"Pflegezentrum Yspertal\",\"url\":\"https:\\\/\\\/yspertal.netzspinnerei.at\\\/\",\"logo\":{\"@type\":\"ImageObject\",\"inLanguage\":\"de\",\"@id\":\"https:\\\/\\\/yspertal.netzspinnerei.at\\\/#\\\/schema\\\/logo\\\/image\\\/\",\"url\":\"https:\\\/\\\/pflegezentrum-yspertal.at\\\/wordpress\\\/wp-content\\\/uploads\\\/2023\\\/10\\\/Logo-Border.jpg\",\"contentUrl\":\"https:\\\/\\\/pflegezentrum-yspertal.at\\\/wordpress\\\/wp-content\\\/uploads\\\/2023\\\/10\\\/Logo-Border.jpg\",\"width\":787,\"height\":102,\"caption\":\"Pflegezentrum Yspertal\"},\"image\":{\"@id\":\"https:\\\/\\\/yspertal.netzspinnerei.at\\\/#\\\/schema\\\/logo\\\/image\\\/\"}}]}<\/script>\n<!-- \/ Yoast SEO plugin. -->","yoast_head_json":{"title":"Pflegelehre - Pflegezentrum Yspertal","robots":{"index":"index","follow":"follow","max-snippet":"max-snippet:-1","max-image-preview":"max-image-preview:large","max-video-preview":"max-video-preview:-1"},"canonical":"https:\/\/yspertal.netzspinnerei.at\/pflege-lehre","og_locale":"de_DE","og_type":"article","og_title":"Pflegelehre - Pflegezentrum Yspertal","og_description":"Ein Ziel, eine Leidenschaft \u2013 Pflegelehre! Das Pflegezentrum Yspertal ist seit 31.10.2023 Lehrbetrieb f\u00fcr die Ausbildungen Pflegefachassistenz und Pflegeassistenz. Die theoretische Ausbildung erfolgt in der N\u00d6 Landesberufschule in St. P\u00f6lten. Eine Kooperation mit ausgew\u00e4hlten Ausbildungsverbundpartnern sichert die hochqualifizierte Ausbildung in unserem Haus.Wir bieten zus\u00e4tzliche Benefits f\u00fcr die Dauer der Ausbildung in Form eines pers\u00f6nlichen Notebooks ... Weiterlesen","og_url":"https:\/\/yspertal.netzspinnerei.at\/pflege-lehre","og_site_name":"Pflegezentrum Yspertal","article_modified_time":"2024-02-27T11:31:06+00:00","twitter_card":"summary_large_image","twitter_misc":{"Gesch\u00e4tzte Lesezeit":"1\u00a0Minute"},"schema":{"@context":"https:\/\/schema.org","@graph":[{"@type":"WebPage","@id":"https:\/\/yspertal.netzspinnerei.at\/pflege-lehre","url":"https:\/\/yspertal.netzspinnerei.at\/pflege-lehre","name":"Pflegelehre - Pflegezentrum Yspertal","isPartOf":{"@id":"https:\/\/yspertal.netzspinnerei.at\/#website"},"datePublished":"2023-10-18T15:16:52+00:00","dateModified":"2024-02-27T11:31:06+00:00","breadcrumb":{"@id":"https:\/\/yspertal.netzspinnerei.at\/pflege-lehre#breadcrumb"},"inLanguage":"de","potentialAction":[{"@type":"ReadAction","target":["https:\/\/yspertal.netzspinnerei.at\/pflege-lehre"]}]},{"@type":"BreadcrumbList","@id":"https:\/\/yspertal.netzspinnerei.at\/pflege-lehre#breadcrumb","itemListElement":[{"@type":"ListItem","position":1,"name":"Home","item":"https:\/\/pflegezentrum-yspertal.at\/wordpress\/"},{"@type":"ListItem","position":2,"name":"Pflegelehre"}]},{"@type":"WebSite","@id":"https:\/\/yspertal.netzspinnerei.at\/#website","url":"https:\/\/yspertal.netzspinnerei.at\/","name":"Pflegezentrum Yspertal","description":"","publisher":{"@id":"https:\/\/yspertal.netzspinnerei.at\/#organization"},"potentialAction":[{"@type":"SearchAction","target":{"@type":"EntryPoint","urlTemplate":"https:\/\/yspertal.netzspinnerei.at\/?s={search_term_string}"},"query-input":{"@type":"PropertyValueSpecification","valueRequired":true,"valueName":"search_term_string"}}],"inLanguage":"de"},{"@type":"Organization","@id":"https:\/\/yspertal.netzspinnerei.at\/#organization","name":"Pflegezentrum Yspertal","url":"https:\/\/yspertal.netzspinnerei.at\/","logo":{"@type":"ImageObject","inLanguage":"de","@id":"https:\/\/yspertal.netzspinnerei.at\/#\/schema\/logo\/image\/","url":"https:\/\/pflegezentrum-yspertal.at\/wordpress\/wp-content\/uploads\/2023\/10\/Logo-Border.jpg","contentUrl":"https:\/\/pflegezentrum-yspertal.at\/wordpress\/wp-content\/uploads\/2023\/10\/Logo-Border.jpg","width":787,"height":102,"caption":"Pflegezentrum Yspertal"},"image":{"@id":"https:\/\/yspertal.netzspinnerei.at\/#\/schema\/logo\/image\/"}}]}},"_links":{"self":[{"href":"https:\/\/pflegezentrum-yspertal.at\/wordpress\/wp-json\/wp\/v2\/pages\/6916","targetHints":{"allow":["GET"]}}],"collection":[{"href":"https:\/\/pflegezentrum-yspertal.at\/wordpress\/wp-json\/wp\/v2\/pages"}],"about":[{"href":"https:\/\/pflegezentrum-yspertal.at\/wordpress\/wp-json\/wp\/v2\/types\/page"}],"author":[{"embeddable":true,"href":"https:\/\/pflegezentrum-yspertal.at\/wordpress\/wp-json\/wp\/v2\/users\/1"}],"replies":[{"embeddable":true,"href":"https:\/\/pflegezentrum-yspertal.at\/wordpress\/wp-json\/wp\/v2\/comments?post=6916"}],"version-history":[{"count":6,"href":"https:\/\/pflegezentrum-yspertal.at\/wordpress\/wp-json\/wp\/v2\/pages\/6916\/revisions"}],"predecessor-version":[{"id":7904,"href":"https:\/\/pflegezentrum-yspertal.at\/wordpress\/wp-json\/wp\/v2\/pages\/6916\/revisions\/7904"}],"wp:attachment":[{"href":"https:\/\/pflegezentrum-yspertal.at\/wordpress\/wp-json\/wp\/v2\/media?parent=6916"}],"curies":[{"name":"wp","href":"https:\/\/api.w.org\/{rel}","templated":true}]}}