{"id":5525,"date":"2023-07-26T15:02:03","date_gmt":"2023-07-26T15:02:03","guid":{"rendered":"https:\/\/yspertal.netzspinnerei.at\/?page_id=5525"},"modified":"2024-11-11T12:44:45","modified_gmt":"2024-11-11T12:44:45","slug":"karriere","status":"publish","type":"page","link":"https:\/\/pflegezentrum-yspertal.at\/wordpress\/karriere","title":{"rendered":"Karriere"},"content":{"rendered":"\n<p><strong>Im Einsatz f\u00fcr Menschen<\/strong><\/p>\n\n\n\n<p>Uns ist das <strong>MITEINANDER<\/strong> der Menschen, die in unserem Haus wohnen und arbeiten, sehr wichtig. Gut ausgebildete, engagierte und motivierte Mitarbeiterinnen und Mitarbeiter mit einer positiven Einstellung zur T\u00e4tigkeit sind unsere wertvollste Ressource und liegen uns sehr am Herzen. Damit gelingt es uns,\u00a0<strong>GEMEINSAM<\/strong>\u00a0f\u00fcr unsere Bewohnerinnen und Bewohner da zu sein und ihnen einen angenehmen Lebensabend zu gestalten!<br>Wir bieten Ihnen verschiedene Benefits, ein abwechslungsreiches Aufgabengebiet und eine angenehme Arbeitsatmosph\u00e4re, die auf die Bed\u00fcrfnisse unserer Mitarbeiterinnen und Mitarbeiter abgestimmt ist. Wir freuen uns sehr darauf, Sie in einem pers\u00f6nlichen Gespr\u00e4ch kennenlernen zu d\u00fcrfen und Ihnen f\u00fcr weitere Fragen zur Verf\u00fcgung zu stehen.<\/p>\n\n\n<div class=\"gb-container gb-container-a656b64a\">\n<div class=\"wpv-view-output\" data-toolset-views-view-editor=\"b5de0c07c4579bf34c9a53b3ec5bbf61\"><div class=\"wp-block-toolset-views-view-editor\"><div id=\"wpv-view-layout-5939\" class=\"js-wpv-view-layout js-wpv-layout-responsive js-wpv-view-layout-5939\" data-viewnumber=\"5939\" data-pagination=\"{&quot;id&quot;:&quot;5939&quot;,&quot;query&quot;:&quot;normal&quot;,&quot;type&quot;:&quot;disabled&quot;,&quot;effect&quot;:&quot;fade&quot;,&quot;duration&quot;:500,&quot;speed&quot;:5,&quot;pause_on_hover&quot;:&quot;enabled&quot;,&quot;stop_rollover&quot;:&quot;false&quot;,&quot;cache_pages&quot;:&quot;enabled&quot;,&quot;preload_images&quot;:&quot;enabled&quot;,&quot;preload_pages&quot;:&quot;enabled&quot;,&quot;preload_reach&quot;:1,&quot;spinner&quot;:&quot;builtin&quot;,&quot;spinner_image&quot;:&quot;https:\/\/pflegezentrum-yspertal.at\/wordpress\/wp-content\/plugins\/toolset-blocks\/embedded\/res\/img\/ajax-loader.gif&quot;,&quot;callback_next&quot;:&quot;&quot;,&quot;manage_history&quot;:&quot;enabled&quot;,&quot;has_controls_in_form&quot;:&quot;disabled&quot;,&quot;infinite_tolerance&quot;:&quot;0&quot;,&quot;max_pages&quot;:0,&quot;page&quot;:1,&quot;base_permalink&quot;:&quot;\/wordpress\/wp-json\/wp\/v2\/pages\/5525?wpv_view_count=5939&amp;wpv_paged=WPV_PAGE_NUM&quot;,&quot;loop&quot;:{&quot;type&quot;:&quot;&quot;,&quot;name&quot;:&quot;&quot;,&quot;data&quot;:[],&quot;id&quot;:0}}\" data-permalink=\"\/wordpress\/wp-json\/wp\/v2\/pages\/5525?wpv_view_count=5939\">\n<div class=\"js-wpv-loop-wrapper\"><table width=\"100%\" class=\"view-table\"><col width=\"25%\"\/><col width=\"25%\"\/><col width=\"25%\"\/><col width=\"25%\"\/><thead><tr>\n<th class=\"wp-block-toolset-views-table-header-column valign-\">\n<p><\/p>\n<\/th>\n\n\n\n<th class=\"wp-block-toolset-views-table-header-column valign-\">\n<p>Arbeitszeit<\/p>\n<\/th>\n\n\n\n<th class=\"wp-block-toolset-views-table-header-column valign-\">\n<p>Startdatum<\/p>\n<\/th>\n\n\n\n<th class=\"wp-block-toolset-views-table-header-column valign-\"><\/th>\n<\/tr><\/thead><tbody class=\"wpv-loop js-wpv-loop\"><tr class=\"php-to-be-replaced-with-shortcode view-table\">\n<td class=\"wp-block-toolset-views-table-column valign-\">\n<div class=\"tb-field\" data-toolset-blocks-field=\"27fa36d931f7a16604645c9150d6470b\" data-last-update=\"1.4\">Pflegeassistenz\/Pflegefachassistenz (w\/m\/d)<\/div>\n<\/td>\n\n\n\n<td class=\"wp-block-toolset-views-table-column valign-\">\n<div class=\"tb-field\" data-toolset-blocks-field=\"625cc51d6a2dc1fd6f2907736f2af6df\" data-last-update=\"1.4\">Voll- oder Teilzeit<\/div>\n<\/td>\n\n\n\n<td class=\"wp-block-toolset-views-table-column valign-\">\n<div class=\"tb-field\" data-toolset-blocks-field=\"5f74d77a18ee29842ee4908d6431e56b\" data-last-update=\"1.4\">ab sofort<\/div>\n<\/td>\n\n\n\n<td class=\"wp-block-toolset-views-table-column valign-\">\n<div class=\"tb-button\" data-toolset-blocks-button=\"8dc4fe5a255c1c647f1cd0a6eab0d3b2\"><a class=\"tb-button__link\" href=\"https:\/\/pflegezentrum-yspertal.at\/wordpress\/job\/pflegeassistenz-pflegefachassistenz-w-m-d\"><span class=\"tb-button__content\">Mehr erfahren<\/span><i class=\"tb-button__icon\"><\/i><\/a><\/div>\n<\/td>\n<\/tr><tr class=\"php-to-be-replaced-with-shortcode view-table\">\n<td class=\"wp-block-toolset-views-table-column valign-\">\n<div class=\"tb-field\" data-toolset-blocks-field=\"27fa36d931f7a16604645c9150d6470b\" data-last-update=\"1.4\">Heimhilfe (w\/m\/d)<\/div>\n<\/td>\n\n\n\n<td class=\"wp-block-toolset-views-table-column valign-\">\n<div class=\"tb-field\" data-toolset-blocks-field=\"625cc51d6a2dc1fd6f2907736f2af6df\" data-last-update=\"1.4\">Voll- oder Teilzeit<\/div>\n<\/td>\n\n\n\n<td class=\"wp-block-toolset-views-table-column valign-\">\n<div class=\"tb-field\" data-toolset-blocks-field=\"5f74d77a18ee29842ee4908d6431e56b\" data-last-update=\"1.4\">ab sofort<\/div>\n<\/td>\n\n\n\n<td class=\"wp-block-toolset-views-table-column valign-\">\n<div class=\"tb-button\" data-toolset-blocks-button=\"8dc4fe5a255c1c647f1cd0a6eab0d3b2\"><a class=\"tb-button__link\" href=\"https:\/\/pflegezentrum-yspertal.at\/wordpress\/job\/heimhilfe-w-m-d\"><span class=\"tb-button__content\">Mehr erfahren<\/span><i class=\"tb-button__icon\"><\/i><\/a><\/div>\n<\/td>\n<\/tr><tr class=\"php-to-be-replaced-with-shortcode view-table\">\n<td class=\"wp-block-toolset-views-table-column valign-\">\n<div class=\"tb-field\" data-toolset-blocks-field=\"27fa36d931f7a16604645c9150d6470b\" data-last-update=\"1.4\">Gehobener Dienst f\u00fcr Gesundheits- und Krankenpflege (w\/m\/d)<\/div>\n<\/td>\n\n\n\n<td class=\"wp-block-toolset-views-table-column valign-\">\n<div class=\"tb-field\" data-toolset-blocks-field=\"625cc51d6a2dc1fd6f2907736f2af6df\" data-last-update=\"1.4\">Voll- oder Teilzeit<\/div>\n<\/td>\n\n\n\n<td class=\"wp-block-toolset-views-table-column valign-\">\n<div class=\"tb-field\" data-toolset-blocks-field=\"5f74d77a18ee29842ee4908d6431e56b\" data-last-update=\"1.4\">ab sofort<\/div>\n<\/td>\n\n\n\n<td class=\"wp-block-toolset-views-table-column valign-\">\n<div class=\"tb-button\" data-toolset-blocks-button=\"8dc4fe5a255c1c647f1cd0a6eab0d3b2\"><a class=\"tb-button__link\" href=\"https:\/\/pflegezentrum-yspertal.at\/wordpress\/job\/gehobener-dienst-fuer-gesundheits-und-krankenpflege-w-m-d\"><span class=\"tb-button__content\">Mehr erfahren<\/span><i class=\"tb-button__icon\"><\/i><\/a><\/div>\n<\/td>\n<\/tr><\/tbody><\/table><\/div><\/div><\/div><form autocomplete=\"off\" name=\"wpv-filter-5939\" action=\"\/wordpress\/wp-json\/wp\/v2\/pages\/5525?wpv_view_count=5939\" method=\"get\" class=\"wpv-filter-form js-wpv-filter-form js-wpv-filter-form-5939 js-wpv-form-full\" data-viewnumber=\"5939\" data-viewid=\"5939\" data-viewhash=\"eyJuYW1lIjoiam9icy10YWJsZSJ9\" data-viewwidgetid=\"0\" data-orderby=\"\" data-order=\"\" data-orderbyas=\"\" data-orderbysecond=\"\" data-ordersecond=\"\" data-parametric=\"{&quot;query&quot;:&quot;normal&quot;,&quot;id&quot;:&quot;5939&quot;,&quot;view_id&quot;:&quot;5939&quot;,&quot;widget_id&quot;:0,&quot;view_hash&quot;:&quot;5939&quot;,&quot;action&quot;:&quot;\\\/wordpress\\\/wp-json\\\/wp\\\/v2\\\/pages\\\/5525?wpv_view_count=5939&quot;,&quot;sort&quot;:{&quot;orderby&quot;:&quot;&quot;,&quot;order&quot;:&quot;&quot;,&quot;orderby_as&quot;:&quot;&quot;,&quot;orderby_second&quot;:&quot;&quot;,&quot;order_second&quot;:&quot;&quot;},&quot;orderby&quot;:&quot;&quot;,&quot;order&quot;:&quot;&quot;,&quot;orderby_as&quot;:&quot;&quot;,&quot;orderby_second&quot;:&quot;&quot;,&quot;order_second&quot;:&quot;&quot;,&quot;ajax_form&quot;:&quot;&quot;,&quot;ajax_results&quot;:&quot;&quot;,&quot;effect&quot;:&quot;fade&quot;,&quot;prebefore&quot;:&quot;&quot;,&quot;before&quot;:&quot;&quot;,&quot;after&quot;:&quot;&quot;,&quot;attributes&quot;:[],&quot;environment&quot;:{&quot;current_post_id&quot;:5525,&quot;parent_post_id&quot;:5525,&quot;parent_term_id&quot;:0,&quot;parent_user_id&quot;:0,&quot;archive&quot;:{&quot;type&quot;:&quot;&quot;,&quot;name&quot;:&quot;&quot;,&quot;data&quot;:[]}},&quot;loop&quot;:{&quot;type&quot;:&quot;&quot;,&quot;name&quot;:&quot;&quot;,&quot;data&quot;:[],&quot;id&quot;:0}}\" data-attributes=\"[]\" data-environment=\"{&quot;current_post_id&quot;:5525,&quot;parent_post_id&quot;:5525,&quot;parent_term_id&quot;:0,&quot;parent_user_id&quot;:0,&quot;archive&quot;:{&quot;type&quot;:&quot;&quot;,&quot;name&quot;:&quot;&quot;,&quot;data&quot;:[]}}\"><input type=\"hidden\" class=\"js-wpv-dps-filter-data js-wpv-filter-data-for-this-form\" data-action=\"\/wordpress\/wp-json\/wp\/v2\/pages\/5525?wpv_view_count=5939\" data-page=\"1\" data-ajax=\"disable\" data-effect=\"fade\" data-maxpages=\"0\" data-ajaxprebefore=\"\" data-ajaxbefore=\"\" data-ajaxafter=\"\" \/><input class=\"wpv_view_count wpv_view_count-5939\" type=\"hidden\" name=\"wpv_view_count\" value=\"5939\" \/>\n\n<\/form><\/div>\n<\/div>","protected":false},"excerpt":{"rendered":"<p>Im Einsatz f\u00fcr Menschen Uns ist das MITEINANDER der Menschen, die in unserem Haus wohnen und arbeiten, sehr wichtig. Gut ausgebildete, engagierte und motivierte Mitarbeiterinnen und Mitarbeiter mit einer positiven Einstellung zur T\u00e4tigkeit sind unsere wertvollste Ressource und liegen uns sehr am Herzen. Damit gelingt es uns,\u00a0GEMEINSAM\u00a0f\u00fcr unsere Bewohnerinnen und Bewohner da zu sein und &#8230; <a title=\"Karriere\" class=\"read-more\" href=\"https:\/\/pflegezentrum-yspertal.at\/wordpress\/karriere\" aria-label=\"Mehr Informationen \u00fcber Karriere\">Weiterlesen<\/a><\/p>\n","protected":false},"author":1,"featured_media":0,"parent":0,"menu_order":0,"comment_status":"closed","ping_status":"closed","template":"","meta":{"inline_featured_image":false,"footnotes":""},"class_list":["post-5525","page","type-page","status-publish"],"yoast_head":"<!-- This site is optimized with the Yoast SEO plugin v27.5 - https:\/\/yoast.com\/product\/yoast-seo-wordpress\/ -->\n<title>Karriere - Pflegezentrum Yspertal<\/title>\n<meta name=\"robots\" content=\"index, follow, max-snippet:-1, max-image-preview:large, max-video-preview:-1\" \/>\n<link rel=\"canonical\" href=\"https:\/\/pflegezentrum-yspertal.at\/wordpress\/karriere\" \/>\n<meta property=\"og:locale\" content=\"de_DE\" \/>\n<meta property=\"og:type\" content=\"article\" \/>\n<meta property=\"og:title\" content=\"Karriere - Pflegezentrum Yspertal\" \/>\n<meta property=\"og:description\" content=\"Im Einsatz f\u00fcr Menschen Uns ist das MITEINANDER der Menschen, die in unserem Haus wohnen und arbeiten, sehr wichtig. Gut ausgebildete, engagierte und motivierte Mitarbeiterinnen und Mitarbeiter mit einer positiven Einstellung zur T\u00e4tigkeit sind unsere wertvollste Ressource und liegen uns sehr am Herzen. Damit gelingt es uns,\u00a0GEMEINSAM\u00a0f\u00fcr unsere Bewohnerinnen und Bewohner da zu sein und ... Weiterlesen\" \/>\n<meta property=\"og:url\" content=\"https:\/\/pflegezentrum-yspertal.at\/wordpress\/karriere\" \/>\n<meta property=\"og:site_name\" content=\"Pflegezentrum Yspertal\" \/>\n<meta property=\"article:modified_time\" content=\"2024-11-11T12:44:45+00:00\" \/>\n<meta name=\"twitter:card\" content=\"summary_large_image\" \/>\n<meta name=\"twitter:label1\" content=\"Gesch\u00e4tzte Lesezeit\" \/>\n\t<meta name=\"twitter:data1\" content=\"1\u00a0Minute\" \/>\n<script type=\"application\/ld+json\" class=\"yoast-schema-graph\">{\"@context\":\"https:\\\/\\\/schema.org\",\"@graph\":[{\"@type\":\"WebPage\",\"@id\":\"https:\\\/\\\/pflegezentrum-yspertal.at\\\/wordpress\\\/karriere\",\"url\":\"https:\\\/\\\/pflegezentrum-yspertal.at\\\/wordpress\\\/karriere\",\"name\":\"Karriere - Pflegezentrum Yspertal\",\"isPartOf\":{\"@id\":\"https:\\\/\\\/yspertal.netzspinnerei.at\\\/#website\"},\"datePublished\":\"2023-07-26T15:02:03+00:00\",\"dateModified\":\"2024-11-11T12:44:45+00:00\",\"breadcrumb\":{\"@id\":\"https:\\\/\\\/pflegezentrum-yspertal.at\\\/wordpress\\\/karriere#breadcrumb\"},\"inLanguage\":\"de\",\"potentialAction\":[{\"@type\":\"ReadAction\",\"target\":[\"https:\\\/\\\/pflegezentrum-yspertal.at\\\/wordpress\\\/karriere\"]}]},{\"@type\":\"BreadcrumbList\",\"@id\":\"https:\\\/\\\/pflegezentrum-yspertal.at\\\/wordpress\\\/karriere#breadcrumb\",\"itemListElement\":[{\"@type\":\"ListItem\",\"position\":1,\"name\":\"Home\",\"item\":\"https:\\\/\\\/pflegezentrum-yspertal.at\\\/wordpress\\\/\"},{\"@type\":\"ListItem\",\"position\":2,\"name\":\"Karriere\"}]},{\"@type\":\"WebSite\",\"@id\":\"https:\\\/\\\/yspertal.netzspinnerei.at\\\/#website\",\"url\":\"https:\\\/\\\/yspertal.netzspinnerei.at\\\/\",\"name\":\"Pflegezentrum Yspertal\",\"description\":\"\",\"publisher\":{\"@id\":\"https:\\\/\\\/yspertal.netzspinnerei.at\\\/#organization\"},\"potentialAction\":[{\"@type\":\"SearchAction\",\"target\":{\"@type\":\"EntryPoint\",\"urlTemplate\":\"https:\\\/\\\/yspertal.netzspinnerei.at\\\/?s={search_term_string}\"},\"query-input\":{\"@type\":\"PropertyValueSpecification\",\"valueRequired\":true,\"valueName\":\"search_term_string\"}}],\"inLanguage\":\"de\"},{\"@type\":\"Organization\",\"@id\":\"https:\\\/\\\/yspertal.netzspinnerei.at\\\/#organization\",\"name\":\"Pflegezentrum Yspertal\",\"url\":\"https:\\\/\\\/yspertal.netzspinnerei.at\\\/\",\"logo\":{\"@type\":\"ImageObject\",\"inLanguage\":\"de\",\"@id\":\"https:\\\/\\\/yspertal.netzspinnerei.at\\\/#\\\/schema\\\/logo\\\/image\\\/\",\"url\":\"https:\\\/\\\/pflegezentrum-yspertal.at\\\/wordpress\\\/wp-content\\\/uploads\\\/2023\\\/10\\\/Logo-Border.jpg\",\"contentUrl\":\"https:\\\/\\\/pflegezentrum-yspertal.at\\\/wordpress\\\/wp-content\\\/uploads\\\/2023\\\/10\\\/Logo-Border.jpg\",\"width\":787,\"height\":102,\"caption\":\"Pflegezentrum Yspertal\"},\"image\":{\"@id\":\"https:\\\/\\\/yspertal.netzspinnerei.at\\\/#\\\/schema\\\/logo\\\/image\\\/\"}}]}<\/script>\n<!-- \/ Yoast SEO plugin. -->","yoast_head_json":{"title":"Karriere - Pflegezentrum Yspertal","robots":{"index":"index","follow":"follow","max-snippet":"max-snippet:-1","max-image-preview":"max-image-preview:large","max-video-preview":"max-video-preview:-1"},"canonical":"https:\/\/pflegezentrum-yspertal.at\/wordpress\/karriere","og_locale":"de_DE","og_type":"article","og_title":"Karriere - Pflegezentrum Yspertal","og_description":"Im Einsatz f\u00fcr Menschen Uns ist das MITEINANDER der Menschen, die in unserem Haus wohnen und arbeiten, sehr wichtig. Gut ausgebildete, engagierte und motivierte Mitarbeiterinnen und Mitarbeiter mit einer positiven Einstellung zur T\u00e4tigkeit sind unsere wertvollste Ressource und liegen uns sehr am Herzen. Damit gelingt es uns,\u00a0GEMEINSAM\u00a0f\u00fcr unsere Bewohnerinnen und Bewohner da zu sein und ... Weiterlesen","og_url":"https:\/\/pflegezentrum-yspertal.at\/wordpress\/karriere","og_site_name":"Pflegezentrum Yspertal","article_modified_time":"2024-11-11T12:44:45+00:00","twitter_card":"summary_large_image","twitter_misc":{"Gesch\u00e4tzte Lesezeit":"1\u00a0Minute"},"schema":{"@context":"https:\/\/schema.org","@graph":[{"@type":"WebPage","@id":"https:\/\/pflegezentrum-yspertal.at\/wordpress\/karriere","url":"https:\/\/pflegezentrum-yspertal.at\/wordpress\/karriere","name":"Karriere - Pflegezentrum Yspertal","isPartOf":{"@id":"https:\/\/yspertal.netzspinnerei.at\/#website"},"datePublished":"2023-07-26T15:02:03+00:00","dateModified":"2024-11-11T12:44:45+00:00","breadcrumb":{"@id":"https:\/\/pflegezentrum-yspertal.at\/wordpress\/karriere#breadcrumb"},"inLanguage":"de","potentialAction":[{"@type":"ReadAction","target":["https:\/\/pflegezentrum-yspertal.at\/wordpress\/karriere"]}]},{"@type":"BreadcrumbList","@id":"https:\/\/pflegezentrum-yspertal.at\/wordpress\/karriere#breadcrumb","itemListElement":[{"@type":"ListItem","position":1,"name":"Home","item":"https:\/\/pflegezentrum-yspertal.at\/wordpress\/"},{"@type":"ListItem","position":2,"name":"Karriere"}]},{"@type":"WebSite","@id":"https:\/\/yspertal.netzspinnerei.at\/#website","url":"https:\/\/yspertal.netzspinnerei.at\/","name":"Pflegezentrum Yspertal","description":"","publisher":{"@id":"https:\/\/yspertal.netzspinnerei.at\/#organization"},"potentialAction":[{"@type":"SearchAction","target":{"@type":"EntryPoint","urlTemplate":"https:\/\/yspertal.netzspinnerei.at\/?s={search_term_string}"},"query-input":{"@type":"PropertyValueSpecification","valueRequired":true,"valueName":"search_term_string"}}],"inLanguage":"de"},{"@type":"Organization","@id":"https:\/\/yspertal.netzspinnerei.at\/#organization","name":"Pflegezentrum Yspertal","url":"https:\/\/yspertal.netzspinnerei.at\/","logo":{"@type":"ImageObject","inLanguage":"de","@id":"https:\/\/yspertal.netzspinnerei.at\/#\/schema\/logo\/image\/","url":"https:\/\/pflegezentrum-yspertal.at\/wordpress\/wp-content\/uploads\/2023\/10\/Logo-Border.jpg","contentUrl":"https:\/\/pflegezentrum-yspertal.at\/wordpress\/wp-content\/uploads\/2023\/10\/Logo-Border.jpg","width":787,"height":102,"caption":"Pflegezentrum Yspertal"},"image":{"@id":"https:\/\/yspertal.netzspinnerei.at\/#\/schema\/logo\/image\/"}}]}},"_links":{"self":[{"href":"https:\/\/pflegezentrum-yspertal.at\/wordpress\/wp-json\/wp\/v2\/pages\/5525","targetHints":{"allow":["GET"]}}],"collection":[{"href":"https:\/\/pflegezentrum-yspertal.at\/wordpress\/wp-json\/wp\/v2\/pages"}],"about":[{"href":"https:\/\/pflegezentrum-yspertal.at\/wordpress\/wp-json\/wp\/v2\/types\/page"}],"author":[{"embeddable":true,"href":"https:\/\/pflegezentrum-yspertal.at\/wordpress\/wp-json\/wp\/v2\/users\/1"}],"replies":[{"embeddable":true,"href":"https:\/\/pflegezentrum-yspertal.at\/wordpress\/wp-json\/wp\/v2\/comments?post=5525"}],"version-history":[{"count":74,"href":"https:\/\/pflegezentrum-yspertal.at\/wordpress\/wp-json\/wp\/v2\/pages\/5525\/revisions"}],"predecessor-version":[{"id":9113,"href":"https:\/\/pflegezentrum-yspertal.at\/wordpress\/wp-json\/wp\/v2\/pages\/5525\/revisions\/9113"}],"wp:attachment":[{"href":"https:\/\/pflegezentrum-yspertal.at\/wordpress\/wp-json\/wp\/v2\/media?parent=5525"}],"curies":[{"name":"wp","href":"https:\/\/api.w.org\/{rel}","templated":true}]}}