{"id":2,"date":"2015-08-19T04:23:47","date_gmt":"2015-08-19T04:23:47","guid":{"rendered":"https:\/\/pflegezentrum-yspertal.at\/wordpress\/?page_id=2"},"modified":"2026-03-19T07:12:57","modified_gmt":"2026-03-19T07:12:57","slug":"pflegeangebot","status":"publish","type":"page","link":"https:\/\/pflegezentrum-yspertal.at\/wordpress\/pflegeangebot","title":{"rendered":"Pflegeangebot"},"content":{"rendered":"<div class=\"gb-container gb-container-2156e33f\">\n\n<h2 class=\"gb-headline gb-headline-ce05ba88 gb-headline-text\">Langzeitpflege<\/h2>\n\n\n\n<p>Unser Schwerpunkt liegt in der Langzeitpflege bis hin zur Palliativbetreuung.<\/p>\n\n\n\n<p>Wir bieten Menschen Selbstbestimmtheit und Lebensqualit\u00e4t basierend auf einem individuell abgestimmten Pflege- und Betreuungsplan. Dabei ber\u00fccksichtigen wir die pers\u00f6nliche Lebensgeschichte und beziehen die Angeh\u00f6rigen mit ein.<\/p>\n\n\n\n<p>F\u00fcr eine Aufnahme in unserem Haus ist die Pflegestufe 4 erforderlich, beziehungsweise kann bei Vorliegen einer besonderen sozialen Indikation eine Aufnahme auch mit einer niedrigeren Pflegestufe erfolgen.<\/p>\n\n\n\n<p>Gerne beraten wir Sie zu allen Fragen in einem pers\u00f6nlichen Gespr\u00e4ch.<\/p>\n\n\n\n<p>&lt;&lt;&lt;Hier finden Sie dazu <a href=\"https:\/\/pflegezentrum-yspertal.at\/wordpress\/hilfreiches\/\">n\u00fctzliche Antragsformulare<\/a>.<\/p>\n\n<\/div>","protected":false},"excerpt":{"rendered":"<p>Langzeitpflege Unser Schwerpunkt liegt in der Langzeitpflege bis hin zur Palliativbetreuung. Wir bieten Menschen Selbstbestimmtheit und Lebensqualit\u00e4t basierend auf einem individuell abgestimmten Pflege- und Betreuungsplan. Dabei ber\u00fccksichtigen wir die pers\u00f6nliche Lebensgeschichte und beziehen die Angeh\u00f6rigen mit ein. F\u00fcr eine Aufnahme in unserem Haus ist die Pflegestufe 4 erforderlich, beziehungsweise kann bei Vorliegen einer besonderen sozialen &#8230; <a title=\"Pflegeangebot\" class=\"read-more\" href=\"https:\/\/pflegezentrum-yspertal.at\/wordpress\/pflegeangebot\" aria-label=\"Mehr Informationen \u00fcber Pflegeangebot\">Weiterlesen<\/a><\/p>\n","protected":false},"author":1,"featured_media":1070,"parent":0,"menu_order":0,"comment_status":"closed","ping_status":"closed","template":"","meta":{"inline_featured_image":false,"footnotes":""},"class_list":["post-2","page","type-page","status-publish","has-post-thumbnail"],"yoast_head":"<!-- This site is optimized with the Yoast SEO plugin v27.4 - https:\/\/yoast.com\/product\/yoast-seo-wordpress\/ -->\n<title>Pflegeangebot - Pflegezentrum Yspertal<\/title>\n<meta name=\"robots\" content=\"index, follow, max-snippet:-1, max-image-preview:large, max-video-preview:-1\" \/>\n<link rel=\"canonical\" href=\"https:\/\/pflegezentrum-yspertal.at\/wordpress\/pflegeangebot\" \/>\n<meta property=\"og:locale\" content=\"de_DE\" \/>\n<meta property=\"og:type\" content=\"article\" \/>\n<meta property=\"og:title\" content=\"Pflegeangebot - Pflegezentrum Yspertal\" \/>\n<meta property=\"og:description\" content=\"Langzeitpflege Unser Schwerpunkt liegt in der Langzeitpflege bis hin zur Palliativbetreuung. Wir bieten Menschen Selbstbestimmtheit und Lebensqualit\u00e4t basierend auf einem individuell abgestimmten Pflege- und Betreuungsplan. Dabei ber\u00fccksichtigen wir die pers\u00f6nliche Lebensgeschichte und beziehen die Angeh\u00f6rigen mit ein. F\u00fcr eine Aufnahme in unserem Haus ist die Pflegestufe 4 erforderlich, beziehungsweise kann bei Vorliegen einer besonderen sozialen ... Weiterlesen\" \/>\n<meta property=\"og:url\" content=\"https:\/\/pflegezentrum-yspertal.at\/wordpress\/pflegeangebot\" \/>\n<meta property=\"og:site_name\" content=\"Pflegezentrum Yspertal\" \/>\n<meta property=\"article:modified_time\" content=\"2026-03-19T07:12:57+00:00\" \/>\n<meta property=\"og:image\" content=\"https:\/\/pflegezentrum-yspertal.at\/wordpress\/wp-content\/uploads\/2016\/01\/pflege.jpg\" \/>\n\t<meta property=\"og:image:width\" content=\"647\" \/>\n\t<meta property=\"og:image:height\" content=\"341\" \/>\n\t<meta property=\"og:image:type\" content=\"image\/jpeg\" \/>\n<meta name=\"twitter:card\" content=\"summary_large_image\" \/>\n<meta name=\"twitter:label1\" content=\"Gesch\u00e4tzte Lesezeit\" \/>\n\t<meta name=\"twitter:data1\" content=\"1\u00a0Minute\" \/>\n<script type=\"application\/ld+json\" class=\"yoast-schema-graph\">{\"@context\":\"https:\\\/\\\/schema.org\",\"@graph\":[{\"@type\":\"WebPage\",\"@id\":\"https:\\\/\\\/pflegezentrum-yspertal.at\\\/wordpress\\\/pflegeangebot\",\"url\":\"https:\\\/\\\/pflegezentrum-yspertal.at\\\/wordpress\\\/pflegeangebot\",\"name\":\"Pflegeangebot - Pflegezentrum Yspertal\",\"isPartOf\":{\"@id\":\"https:\\\/\\\/yspertal.netzspinnerei.at\\\/#website\"},\"primaryImageOfPage\":{\"@id\":\"https:\\\/\\\/pflegezentrum-yspertal.at\\\/wordpress\\\/pflegeangebot#primaryimage\"},\"image\":{\"@id\":\"https:\\\/\\\/pflegezentrum-yspertal.at\\\/wordpress\\\/pflegeangebot#primaryimage\"},\"thumbnailUrl\":\"https:\\\/\\\/pflegezentrum-yspertal.at\\\/wordpress\\\/wp-content\\\/uploads\\\/2016\\\/01\\\/pflege.jpg\",\"datePublished\":\"2015-08-19T04:23:47+00:00\",\"dateModified\":\"2026-03-19T07:12:57+00:00\",\"breadcrumb\":{\"@id\":\"https:\\\/\\\/pflegezentrum-yspertal.at\\\/wordpress\\\/pflegeangebot#breadcrumb\"},\"inLanguage\":\"de\",\"potentialAction\":[{\"@type\":\"ReadAction\",\"target\":[\"https:\\\/\\\/pflegezentrum-yspertal.at\\\/wordpress\\\/pflegeangebot\"]}]},{\"@type\":\"ImageObject\",\"inLanguage\":\"de\",\"@id\":\"https:\\\/\\\/pflegezentrum-yspertal.at\\\/wordpress\\\/pflegeangebot#primaryimage\",\"url\":\"https:\\\/\\\/pflegezentrum-yspertal.at\\\/wordpress\\\/wp-content\\\/uploads\\\/2016\\\/01\\\/pflege.jpg\",\"contentUrl\":\"https:\\\/\\\/pflegezentrum-yspertal.at\\\/wordpress\\\/wp-content\\\/uploads\\\/2016\\\/01\\\/pflege.jpg\",\"width\":647,\"height\":341},{\"@type\":\"BreadcrumbList\",\"@id\":\"https:\\\/\\\/pflegezentrum-yspertal.at\\\/wordpress\\\/pflegeangebot#breadcrumb\",\"itemListElement\":[{\"@type\":\"ListItem\",\"position\":1,\"name\":\"Home\",\"item\":\"https:\\\/\\\/pflegezentrum-yspertal.at\\\/wordpress\\\/\"},{\"@type\":\"ListItem\",\"position\":2,\"name\":\"Pflegeangebot\"}]},{\"@type\":\"WebSite\",\"@id\":\"https:\\\/\\\/yspertal.netzspinnerei.at\\\/#website\",\"url\":\"https:\\\/\\\/yspertal.netzspinnerei.at\\\/\",\"name\":\"Pflegezentrum Yspertal\",\"description\":\"\",\"publisher\":{\"@id\":\"https:\\\/\\\/yspertal.netzspinnerei.at\\\/#organization\"},\"potentialAction\":[{\"@type\":\"SearchAction\",\"target\":{\"@type\":\"EntryPoint\",\"urlTemplate\":\"https:\\\/\\\/yspertal.netzspinnerei.at\\\/?s={search_term_string}\"},\"query-input\":{\"@type\":\"PropertyValueSpecification\",\"valueRequired\":true,\"valueName\":\"search_term_string\"}}],\"inLanguage\":\"de\"},{\"@type\":\"Organization\",\"@id\":\"https:\\\/\\\/yspertal.netzspinnerei.at\\\/#organization\",\"name\":\"Pflegezentrum Yspertal\",\"url\":\"https:\\\/\\\/yspertal.netzspinnerei.at\\\/\",\"logo\":{\"@type\":\"ImageObject\",\"inLanguage\":\"de\",\"@id\":\"https:\\\/\\\/yspertal.netzspinnerei.at\\\/#\\\/schema\\\/logo\\\/image\\\/\",\"url\":\"https:\\\/\\\/pflegezentrum-yspertal.at\\\/wordpress\\\/wp-content\\\/uploads\\\/2023\\\/10\\\/Logo-Border.jpg\",\"contentUrl\":\"https:\\\/\\\/pflegezentrum-yspertal.at\\\/wordpress\\\/wp-content\\\/uploads\\\/2023\\\/10\\\/Logo-Border.jpg\",\"width\":787,\"height\":102,\"caption\":\"Pflegezentrum Yspertal\"},\"image\":{\"@id\":\"https:\\\/\\\/yspertal.netzspinnerei.at\\\/#\\\/schema\\\/logo\\\/image\\\/\"}}]}<\/script>\n<!-- \/ Yoast SEO plugin. -->","yoast_head_json":{"title":"Pflegeangebot - Pflegezentrum Yspertal","robots":{"index":"index","follow":"follow","max-snippet":"max-snippet:-1","max-image-preview":"max-image-preview:large","max-video-preview":"max-video-preview:-1"},"canonical":"https:\/\/pflegezentrum-yspertal.at\/wordpress\/pflegeangebot","og_locale":"de_DE","og_type":"article","og_title":"Pflegeangebot - Pflegezentrum Yspertal","og_description":"Langzeitpflege Unser Schwerpunkt liegt in der Langzeitpflege bis hin zur Palliativbetreuung. Wir bieten Menschen Selbstbestimmtheit und Lebensqualit\u00e4t basierend auf einem individuell abgestimmten Pflege- und Betreuungsplan. Dabei ber\u00fccksichtigen wir die pers\u00f6nliche Lebensgeschichte und beziehen die Angeh\u00f6rigen mit ein. F\u00fcr eine Aufnahme in unserem Haus ist die Pflegestufe 4 erforderlich, beziehungsweise kann bei Vorliegen einer besonderen sozialen ... Weiterlesen","og_url":"https:\/\/pflegezentrum-yspertal.at\/wordpress\/pflegeangebot","og_site_name":"Pflegezentrum Yspertal","article_modified_time":"2026-03-19T07:12:57+00:00","og_image":[{"width":647,"height":341,"url":"https:\/\/pflegezentrum-yspertal.at\/wordpress\/wp-content\/uploads\/2016\/01\/pflege.jpg","type":"image\/jpeg"}],"twitter_card":"summary_large_image","twitter_misc":{"Gesch\u00e4tzte Lesezeit":"1\u00a0Minute"},"schema":{"@context":"https:\/\/schema.org","@graph":[{"@type":"WebPage","@id":"https:\/\/pflegezentrum-yspertal.at\/wordpress\/pflegeangebot","url":"https:\/\/pflegezentrum-yspertal.at\/wordpress\/pflegeangebot","name":"Pflegeangebot - Pflegezentrum Yspertal","isPartOf":{"@id":"https:\/\/yspertal.netzspinnerei.at\/#website"},"primaryImageOfPage":{"@id":"https:\/\/pflegezentrum-yspertal.at\/wordpress\/pflegeangebot#primaryimage"},"image":{"@id":"https:\/\/pflegezentrum-yspertal.at\/wordpress\/pflegeangebot#primaryimage"},"thumbnailUrl":"https:\/\/pflegezentrum-yspertal.at\/wordpress\/wp-content\/uploads\/2016\/01\/pflege.jpg","datePublished":"2015-08-19T04:23:47+00:00","dateModified":"2026-03-19T07:12:57+00:00","breadcrumb":{"@id":"https:\/\/pflegezentrum-yspertal.at\/wordpress\/pflegeangebot#breadcrumb"},"inLanguage":"de","potentialAction":[{"@type":"ReadAction","target":["https:\/\/pflegezentrum-yspertal.at\/wordpress\/pflegeangebot"]}]},{"@type":"ImageObject","inLanguage":"de","@id":"https:\/\/pflegezentrum-yspertal.at\/wordpress\/pflegeangebot#primaryimage","url":"https:\/\/pflegezentrum-yspertal.at\/wordpress\/wp-content\/uploads\/2016\/01\/pflege.jpg","contentUrl":"https:\/\/pflegezentrum-yspertal.at\/wordpress\/wp-content\/uploads\/2016\/01\/pflege.jpg","width":647,"height":341},{"@type":"BreadcrumbList","@id":"https:\/\/pflegezentrum-yspertal.at\/wordpress\/pflegeangebot#breadcrumb","itemListElement":[{"@type":"ListItem","position":1,"name":"Home","item":"https:\/\/pflegezentrum-yspertal.at\/wordpress\/"},{"@type":"ListItem","position":2,"name":"Pflegeangebot"}]},{"@type":"WebSite","@id":"https:\/\/yspertal.netzspinnerei.at\/#website","url":"https:\/\/yspertal.netzspinnerei.at\/","name":"Pflegezentrum Yspertal","description":"","publisher":{"@id":"https:\/\/yspertal.netzspinnerei.at\/#organization"},"potentialAction":[{"@type":"SearchAction","target":{"@type":"EntryPoint","urlTemplate":"https:\/\/yspertal.netzspinnerei.at\/?s={search_term_string}"},"query-input":{"@type":"PropertyValueSpecification","valueRequired":true,"valueName":"search_term_string"}}],"inLanguage":"de"},{"@type":"Organization","@id":"https:\/\/yspertal.netzspinnerei.at\/#organization","name":"Pflegezentrum Yspertal","url":"https:\/\/yspertal.netzspinnerei.at\/","logo":{"@type":"ImageObject","inLanguage":"de","@id":"https:\/\/yspertal.netzspinnerei.at\/#\/schema\/logo\/image\/","url":"https:\/\/pflegezentrum-yspertal.at\/wordpress\/wp-content\/uploads\/2023\/10\/Logo-Border.jpg","contentUrl":"https:\/\/pflegezentrum-yspertal.at\/wordpress\/wp-content\/uploads\/2023\/10\/Logo-Border.jpg","width":787,"height":102,"caption":"Pflegezentrum Yspertal"},"image":{"@id":"https:\/\/yspertal.netzspinnerei.at\/#\/schema\/logo\/image\/"}}]}},"_links":{"self":[{"href":"https:\/\/pflegezentrum-yspertal.at\/wordpress\/wp-json\/wp\/v2\/pages\/2","targetHints":{"allow":["GET"]}}],"collection":[{"href":"https:\/\/pflegezentrum-yspertal.at\/wordpress\/wp-json\/wp\/v2\/pages"}],"about":[{"href":"https:\/\/pflegezentrum-yspertal.at\/wordpress\/wp-json\/wp\/v2\/types\/page"}],"author":[{"embeddable":true,"href":"https:\/\/pflegezentrum-yspertal.at\/wordpress\/wp-json\/wp\/v2\/users\/1"}],"replies":[{"embeddable":true,"href":"https:\/\/pflegezentrum-yspertal.at\/wordpress\/wp-json\/wp\/v2\/comments?post=2"}],"version-history":[{"count":21,"href":"https:\/\/pflegezentrum-yspertal.at\/wordpress\/wp-json\/wp\/v2\/pages\/2\/revisions"}],"predecessor-version":[{"id":10194,"href":"https:\/\/pflegezentrum-yspertal.at\/wordpress\/wp-json\/wp\/v2\/pages\/2\/revisions\/10194"}],"wp:featuredmedia":[{"embeddable":true,"href":"https:\/\/pflegezentrum-yspertal.at\/wordpress\/wp-json\/wp\/v2\/media\/1070"}],"wp:attachment":[{"href":"https:\/\/pflegezentrum-yspertal.at\/wordpress\/wp-json\/wp\/v2\/media?parent=2"}],"curies":[{"name":"wp","href":"https:\/\/api.w.org\/{rel}","templated":true}]}}

<div class="gb-container gb-container-2156e33f">

<h2 class="gb-headline gb-headline-ce05ba88 gb-headline-text">Langzeitpflege</h2>



<p>Unser Schwerpunkt liegt in der Langzeitpflege bis hin zur Palliativbetreuung.</p>



<p>Wir bieten Menschen Selbstbestimmtheit und Lebensqualität basierend auf einem individuell abgestimmten Pflege- und Betreuungsplan. Dabei berücksichtigen wir die persönliche Lebensgeschichte und beziehen die Angehörigen mit ein.</p>



<p>Für eine Aufnahme in unserem Haus ist die Pflegestufe 4 erforderlich, beziehungsweise kann bei Vorliegen einer besonderen sozialen Indikation eine Aufnahme auch mit einer niedrigeren Pflegestufe erfolgen.</p>



<p>Gerne beraten wir Sie zu allen Fragen in einem persönlichen Gespräch.</p>



<p>&lt;&lt;&lt;Hier finden Sie dazu <a href="https://pflegezentrum-yspertal.at/wordpress/hilfreiches/">nützliche Antragsformulare</a>.</p>

</div>

<p>Langzeitpflege Unser Schwerpunkt liegt in der Langzeitpflege bis hin zur Palliativbetreuung. Wir bieten Menschen Selbstbestimmtheit und Lebensqualität basierend auf einem individuell abgestimmten Pflege- und Betreuungsplan. Dabei berücksichtigen wir die persönliche Lebensgeschichte und beziehen die Angehörigen mit ein. Für eine Aufnahme in unserem Haus ist die Pflegestufe 4 erforderlich, beziehungsweise kann bei Vorliegen einer besonderen sozialen &#8230; <a title="Pflegeangebot" class="read-more" href="https://pflegezentrum-yspertal.at/wordpress/pflegeangebot" aria-label="Mehr Informationen über Pflegeangebot">Weiterlesen</a></p>

<!-- This site is optimized with the Yoast SEO plugin v27.4 - https://yoast.com/product/yoast-seo-wordpress/ -->
<title>Pflegeangebot - Pflegezentrum Yspertal</title>
<meta name="robots" content="index, follow, max-snippet:-1, max-image-preview:large, max-video-preview:-1" />
<link rel="canonical" href="https://pflegezentrum-yspertal.at/wordpress/pflegeangebot" />
<meta property="og:locale" content="de_DE" />
<meta property="og:type" content="article" />
<meta property="og:title" content="Pflegeangebot - Pflegezentrum Yspertal" />
<meta property="og:description" content="Langzeitpflege Unser Schwerpunkt liegt in der Langzeitpflege bis hin zur Palliativbetreuung. Wir bieten Menschen Selbstbestimmtheit und Lebensqualität basierend auf einem individuell abgestimmten Pflege- und Betreuungsplan. Dabei berücksichtigen wir die persönliche Lebensgeschichte und beziehen die Angehörigen mit ein. Für eine Aufnahme in unserem Haus ist die Pflegestufe 4 erforderlich, beziehungsweise kann bei Vorliegen einer besonderen sozialen ... Weiterlesen" />
<meta property="og:url" content="https://pflegezentrum-yspertal.at/wordpress/pflegeangebot" />
<meta property="og:site_name" content="Pflegezentrum Yspertal" />
<meta property="article:modified_time" content="2026-03-19T07:12:57+00:00" />
<meta property="og:image" content="https://pflegezentrum-yspertal.at/wordpress/wp-content/uploads/2016/01/pflege.jpg" />
	<meta property="og:image:width" content="647" />
	<meta property="og:image:height" content="341" />
	<meta property="og:image:type" content="image/jpeg" />
<meta name="twitter:card" content="summary_large_image" />
<meta name="twitter:label1" content="Geschätzte Lesezeit" />
	<meta name="twitter:data1" content="1 Minute" />
<script type="application/ld+json" class="yoast-schema-graph">{"@context":"https:\/\/schema.org","@graph":[{"@type":"WebPage","@id":"https:\/\/pflegezentrum-yspertal.at\/wordpress\/pflegeangebot","url":"https:\/\/pflegezentrum-yspertal.at\/wordpress\/pflegeangebot","name":"Pflegeangebot - Pflegezentrum Yspertal","isPartOf":{"@id":"https:\/\/yspertal.netzspinnerei.at\/#website"},"primaryImageOfPage":{"@id":"https:\/\/pflegezentrum-yspertal.at\/wordpress\/pflegeangebot#primaryimage"},"image":{"@id":"https:\/\/pflegezentrum-yspertal.at\/wordpress\/pflegeangebot#primaryimage"},"thumbnailUrl":"https:\/\/pflegezentrum-yspertal.at\/wordpress\/wp-content\/uploads\/2016\/01\/pflege.jpg","datePublished":"2015-08-19T04:23:47+00:00","dateModified":"2026-03-19T07:12:57+00:00","breadcrumb":{"@id":"https:\/\/pflegezentrum-yspertal.at\/wordpress\/pflegeangebot#breadcrumb"},"inLanguage":"de","potentialAction":[{"@type":"ReadAction","target":["https:\/\/pflegezentrum-yspertal.at\/wordpress\/pflegeangebot"]}]},{"@type":"ImageObject","inLanguage":"de","@id":"https:\/\/pflegezentrum-yspertal.at\/wordpress\/pflegeangebot#primaryimage","url":"https:\/\/pflegezentrum-yspertal.at\/wordpress\/wp-content\/uploads\/2016\/01\/pflege.jpg","contentUrl":"https:\/\/pflegezentrum-yspertal.at\/wordpress\/wp-content\/uploads\/2016\/01\/pflege.jpg","width":647,"height":341},{"@type":"BreadcrumbList","@id":"https:\/\/pflegezentrum-yspertal.at\/wordpress\/pflegeangebot#breadcrumb","itemListElement":[{"@type":"ListItem","position":1,"name":"Home","item":"https:\/\/pflegezentrum-yspertal.at\/wordpress\/"},{"@type":"ListItem","position":2,"name":"Pflegeangebot"}]},{"@type":"WebSite","@id":"https:\/\/yspertal.netzspinnerei.at\/#website","url":"https:\/\/yspertal.netzspinnerei.at\/","name":"Pflegezentrum Yspertal","description":"","publisher":{"@id":"https:\/\/yspertal.netzspinnerei.at\/#organization"},"potentialAction":[{"@type":"SearchAction","target":{"@type":"EntryPoint","urlTemplate":"https:\/\/yspertal.netzspinnerei.at\/?s={search_term_string}"},"query-input":{"@type":"PropertyValueSpecification","valueRequired":true,"valueName":"search_term_string"}}],"inLanguage":"de"},{"@type":"Organization","@id":"https:\/\/yspertal.netzspinnerei.at\/#organization","name":"Pflegezentrum Yspertal","url":"https:\/\/yspertal.netzspinnerei.at\/","logo":{"@type":"ImageObject","inLanguage":"de","@id":"https:\/\/yspertal.netzspinnerei.at\/#\/schema\/logo\/image\/","url":"https:\/\/pflegezentrum-yspertal.at\/wordpress\/wp-content\/uploads\/2023\/10\/Logo-Border.jpg","contentUrl":"https:\/\/pflegezentrum-yspertal.at\/wordpress\/wp-content\/uploads\/2023\/10\/Logo-Border.jpg","width":787,"height":102,"caption":"Pflegezentrum Yspertal"},"image":{"@id":"https:\/\/yspertal.netzspinnerei.at\/#\/schema\/logo\/image\/"}}]}</script>
<!-- / Yoast SEO plugin. -->

Langzeitpflege Unser Schwerpunkt liegt in der Langzeitpflege bis hin zur Palliativbetreuung. Wir bieten Menschen Selbstbestimmtheit und Lebensqualität basierend auf einem individuell abgestimmten Pflege- und Betreuungsplan. Dabei berücksichtigen wir die persönliche Lebensgeschichte und beziehen die Angehörigen mit ein. Für eine Aufnahme in unserem Haus ist die Pflegestufe 4 erforderlich, beziehungsweise kann bei Vorliegen einer besonderen sozialen ... Weiterlesen
