{"version":"1.0","provider_name":"Pflegezentrum Yspertal","provider_url":"https:\/\/pflegezentrum-yspertal.at\/wordpress","title":"Therapietiere - Pflegezentrum Yspertal","type":"rich","width":600,"height":338,"html":"<blockquote class=\"wp-embedded-content\" data-secret=\"dbHRN9GBNM\"><a href=\"https:\/\/pflegezentrum-yspertal.at\/wordpress\/therapietiere-4\">Therapietiere<\/a><\/blockquote><iframe sandbox=\"allow-scripts\" security=\"restricted\" src=\"https:\/\/pflegezentrum-yspertal.at\/wordpress\/therapietiere-4\/embed#?secret=dbHRN9GBNM\" width=\"600\" height=\"338\" title=\"&#8222;Therapietiere&#8220; &#8211; Pflegezentrum Yspertal\" data-secret=\"dbHRN9GBNM\" frameborder=\"0\" marginwidth=\"0\" marginheight=\"0\" scrolling=\"no\" class=\"wp-embedded-content\"><\/iframe><script>\n\/*! This file is auto-generated *\/\n!function(d,l){\"use strict\";l.querySelector&&d.addEventListener&&\"undefined\"!=typeof URL&&(d.wp=d.wp||{},d.wp.receiveEmbedMessage||(d.wp.receiveEmbedMessage=function(e){var t=e.data;if((t||t.secret||t.message||t.value)&&!\/[^a-zA-Z0-9]\/.test(t.secret)){for(var s,r,n,a=l.querySelectorAll('iframe[data-secret=\"'+t.secret+'\"]'),o=l.querySelectorAll('blockquote[data-secret=\"'+t.secret+'\"]'),c=new RegExp(\"^https?:$\",\"i\"),i=0;i<o.length;i++)o[i].style.display=\"none\";for(i=0;i<a.length;i++)s=a[i],e.source===s.contentWindow&&(s.removeAttribute(\"style\"),\"height\"===t.message?(1e3<(r=parseInt(t.value,10))?r=1e3:~~r<200&&(r=200),s.height=r):\"link\"===t.message&&(r=new URL(s.getAttribute(\"src\")),n=new URL(t.value),c.test(n.protocol))&&n.host===r.host&&l.activeElement===s&&(d.top.location.href=t.value))}},d.addEventListener(\"message\",d.wp.receiveEmbedMessage,!1),l.addEventListener(\"DOMContentLoaded\",function(){for(var e,t,s=l.querySelectorAll(\"iframe.wp-embedded-content\"),r=0;r<s.length;r++)(t=(e=s[r]).getAttribute(\"data-secret\"))||(t=Math.random().toString(36).substring(2,12),e.src+=\"#?secret=\"+t,e.setAttribute(\"data-secret\",t)),e.contentWindow.postMessage({message:\"ready\",secret:t},\"*\")},!1)))}(window,document);\n\/\/# sourceURL=https:\/\/pflegezentrum-yspertal.at\/wordpress\/wp-includes\/js\/wp-embed.min.js\n<\/script>\n","thumbnail_url":"https:\/\/pflegezentrum-yspertal.at\/wordpress\/wp-content\/uploads\/2022\/09\/IMG-20220926-WA0010.jpg","thumbnail_width":576,"thumbnail_height":768,"description":"Endlich war es wieder so weit. Nach der Sommerpause besuchte uns Frau Jasmin Cerny am 26.09.2022. Mai mit ihren gro\u00dfen Main Coon Katzen. Das Streicheln des Fells war f\u00fcr alle obligatorisch und viele Bewohnerinnen erz\u00e4hlten von ihren fr\u00fcheren Erfahrungen mit Haustieren. Wenn die gro\u00dfen \u201eStubentiger\u201c ihre Kunstst\u00fccke vorf\u00fchrten, dann wurde nat\u00fcrlich auch viel gestaunt und ... Weiterlesen"}

Endlich war es wieder so weit. Nach der Sommerpause besuchte uns Frau Jasmin Cerny am 26.09.2022. Mai mit ihren großen Main Coon Katzen. Das Streicheln des Fells war für alle obligatorisch und viele Bewohnerinnen erzählten von ihren früheren Erfahrungen mit Haustieren. Wenn die großen „Stubentiger“ ihre Kunststücke vorführten, dann wurde natürlich auch viel gestaunt und ... Weiterlesen
