{"version":"1.0","provider_name":"Pflegezentrum Yspertal","provider_url":"https:\/\/pflegezentrum-yspertal.at\/wordpress","title":"Starker Start in die Pflegeausbildung - Pflegezentrum Yspertal","type":"rich","width":600,"height":338,"html":"<blockquote class=\"wp-embedded-content\" data-secret=\"l7vbr0nlpM\"><a href=\"https:\/\/pflegezentrum-yspertal.at\/wordpress\/starker-start-in-die-pflegeausbildung\">Starker Start in die Pflegeausbildung<\/a><\/blockquote><iframe sandbox=\"allow-scripts\" security=\"restricted\" src=\"https:\/\/pflegezentrum-yspertal.at\/wordpress\/starker-start-in-die-pflegeausbildung\/embed#?secret=l7vbr0nlpM\" width=\"600\" height=\"338\" title=\"&#8222;Starker Start in die Pflegeausbildung&#8220; &#8211; Pflegezentrum Yspertal\" data-secret=\"l7vbr0nlpM\" frameborder=\"0\" marginwidth=\"0\" marginheight=\"0\" scrolling=\"no\" class=\"wp-embedded-content\"><\/iframe><script>\n\/*! This file is auto-generated *\/\n!function(d,l){\"use strict\";l.querySelector&&d.addEventListener&&\"undefined\"!=typeof URL&&(d.wp=d.wp||{},d.wp.receiveEmbedMessage||(d.wp.receiveEmbedMessage=function(e){var t=e.data;if((t||t.secret||t.message||t.value)&&!\/[^a-zA-Z0-9]\/.test(t.secret)){for(var s,r,n,a=l.querySelectorAll('iframe[data-secret=\"'+t.secret+'\"]'),o=l.querySelectorAll('blockquote[data-secret=\"'+t.secret+'\"]'),c=new RegExp(\"^https?:$\",\"i\"),i=0;i<o.length;i++)o[i].style.display=\"none\";for(i=0;i<a.length;i++)s=a[i],e.source===s.contentWindow&&(s.removeAttribute(\"style\"),\"height\"===t.message?(1e3<(r=parseInt(t.value,10))?r=1e3:~~r<200&&(r=200),s.height=r):\"link\"===t.message&&(r=new URL(s.getAttribute(\"src\")),n=new URL(t.value),c.test(n.protocol))&&n.host===r.host&&l.activeElement===s&&(d.top.location.href=t.value))}},d.addEventListener(\"message\",d.wp.receiveEmbedMessage,!1),l.addEventListener(\"DOMContentLoaded\",function(){for(var e,t,s=l.querySelectorAll(\"iframe.wp-embedded-content\"),r=0;r<s.length;r++)(t=(e=s[r]).getAttribute(\"data-secret\"))||(t=Math.random().toString(36).substring(2,12),e.src+=\"#?secret=\"+t,e.setAttribute(\"data-secret\",t)),e.contentWindow.postMessage({message:\"ready\",secret:t},\"*\")},!1)))}(window,document);\n\/\/# sourceURL=https:\/\/pflegezentrum-yspertal.at\/wordpress\/wp-includes\/js\/wp-embed.min.js\n<\/script>\n","thumbnail_url":"https:\/\/pflegezentrum-yspertal.at\/wordpress\/wp-content\/uploads\/2026\/03\/R6__17771-scaled.jpg","thumbnail_width":2560,"thumbnail_height":1707,"description":"Unser drittes Lehrm\u00e4dchen, Gr\u00f6ssbacher Lilliane, hat die erste Klasse der Landesberufsschule St.P\u00f6lten f\u00fcr Pflegeassistenz mit einem ausgezeichneten Zeugnis abgeschlossen. Sie war mit viel Engagement und Eifer dabei, sodass sie jetzt ihr Wissen in der weiteren Lehre im PZ Yspertal erweitern und vertiefen kann. Wir w\u00fcnschen ihr weiterhin bei ihrer Ausbildung viel Erfolg."}

Unser drittes Lehrmädchen, Grössbacher Lilliane, hat die erste Klasse der Landesberufsschule St.Pölten für Pflegeassistenz mit einem ausgezeichneten Zeugnis abgeschlossen. Sie war mit viel Engagement und Eifer dabei, sodass sie jetzt ihr Wissen in der weiteren Lehre im PZ Yspertal erweitern und vertiefen kann. Wir wünschen ihr weiterhin bei ihrer Ausbildung viel Erfolg.
